2).
-1
What is -2 - (3 + -1 + -4)?
0
What is (-4 - -1) + 29 + -23?
3
Calculate (0 + 3 - (-1 + 2)) + -4.
-2
What is (3 + 1 - 7 - -5) + 1?
3
9 + -7 + 6 + -4
4
3 - -1 - (4 + (-9 - -12))
-3
Calculate 3 - ((-3 - -4) + -1 + -2).
5
Evaluate 4 + -8 - -4 - -4.
4
What is the value of 9 - (-5 + 5 + 5)?
4
Calculate -8 + 7 - (3 - 0).
-4
1 - 11 - (4 - 21)
7
Evaluate (-3 - 1) + (5 - 9 - -6).
-2
What is the value of 0 + 0 - (8 - 12) - 4?
0
What is 2 + (-2 - -3 - -1) + 0?
4
Calculate 125 + -129 - (4 + 3 + -1).
-10
Evaluate 8 + -1 - (1 + -1 + 2).
5
Evaluate (1 + 0 - 0) + (-33 - -33).
1
-17 - (-10 - -5) - -6
-6
What is 1 + (-5 - (-4 - 6)) - 1?
5
2 - (7 - 2) - 4 - -2
-5
-8 + (22 - 4) + (0 - 6)
4
Calculate (3 - -2) + (-1 - (9 - 1)).
-4
What is the value of (-5 - -3) + -1 - -2?
-1
What is the value of -6 - -2 - (-6 - (4 - 5))?
1
What is (-4 - -1) + (39 - 30)?
6
Calculate (3 - 5) + (-1 + 3 - 5).
-5
-4 - (-4 + 6 + -1 + -1)
-4
What is the value of 9 - (3 - 1) - 4?
3
Calculate 8 - 5 - (1 + 4).
-2
What is 6 + (5 - 6 - -4 - -1)?
10
Evaluate -4 - (-1 - (-3 + 2) - 1).
-3
What is the value of (6 - (2 + 0)) + (1 - 0)?
5
-104 - -99 - (-3 + 1)
-3
Calculate (0 - -9) + (-13 - -7).
3
Calculate -2 + 6 - (-3 + 6).
1
Evaluate (-2 - (-3 - -2)) + 5.
4
Calculate -5 - 1 - (-6 + 0 + -4).
4
Calculate 7 + -5 - (33 - 29).
-2
What is the value of -2 + (-1 - -5 - 4)?
-2
What is the value of 65 + -64 + -3 + 0?
-2
Calculate 0 + -1 - (-1 - (-2 + -1)).
-3
Evaluate 16 - (3 + 1 - (40 + -41)).
11
What is the value of 14 - 17 - (5 - 11)?
3
What is the value of 7 + -10 + -6 + 9?
0
What is 2 + (5 + -2 - 3) + -6?
-4
Evaluate -1 + -2 - (-2 - 2).
1
Evaluate (-2 - -1) + (7 - 2).
4
Evaluate 0 + 3 + (0 - 0) + 2.
5
What is 2 - (-6 - 0) - 6?
2
What is the value of 1 - (9 - 9) - (1 - 1)?
1
What is 3 - ((15 - 5) + 3 + -5)?
-5
What is the value of -2 + (5 - 0) - (-3 - -4)?
2
(7 - 7) + (1 + -1 - 0)
0
Calculate -1 - -8 - (-274 + 280).
1
Calculate (8 - 6 - 5 - -2) + -4.
-5
Evaluate 3 + (-5 - -8 - 1) - 7.
-2
3 + -3 + 5 - 4
1
What is the value of -1 + 11 + 1 + -7?
4
Calculate 5 - 9 - (0 + 1).
-5
Evaluate -2 - (-5 - 0 - -1).
2
Evaluate 8 - 1 - 0 - (34 - 32).
5
Calculate (0 - -2) + -6 - (-6 - -6).
-4
(3 - 5 - -5) + (-2 - -1)
2
What is 4 + -2 + (-1 - (1 + 6))?
-6
Calculate -4 + 2 + 3 + -5.
-4
What is the value of (-2 - -2) + 4 - (-2 - -3)?
3
What is the value of -3 - -3 - -2 - (20 + -18)?
0
What is 4 - (9 - 3) - 0?
-2
Evaluate 17 + -2 + -11 - (-1 - -3).
2
What is (12 - (1 - 1)) + -10?
2
Evaluate 0 + 8 - (15 + -1).
-6
What is 6 + 2 + -10 + 1?
-1
Calculate 2 + 5 - (-1 + 7).
1
What is -5 - -2 - (2 + 0)?
-5
Calculate -9 + (1 + 8 - -5).
5
What is 12 + -1 + (-12 - 4)?
-5
What is 0 + (-4 + -2 - -14)?
8
What is the value of 0 + 1 + (0 - 5)?
-4
Calculate 1 + (5 - (8 + -4)) + 4.
6
Evaluate -1 + 1 + 0 - (2 + -3).
1
Calculate 11 + -13 + (2 - 0 - 2).
-2
Evaluate 10 + (7 - 9) - (4 + -2).
6
Evaluate -11 - 1 - (-5 - 2).
-5
What is the value of (-1 - (-3 + 1)) + -1?
0
What is the value of 3 + (3 - (-2 - -5))?
3
Calculate 9 + (-5 - -3) + -9.
-2
What is -13 - -2 - (-10 + 0 + 9)?
-10
What is -2 + 4 - (-6 + 3 - -2)?
3
Evaluate (-5 - (-4 + 2)) + 9 - 12.
-6
What is the value of -1 + (-18 - -4) + 11?
-4
What is the value of (-15 - (-11 + (-8 - -12))) + 0?
-8
5 - 10 - -3 - 1 - -5
2
What is 10 - 1 - (-5 + 13)?
1
Evaluate (-3 + 1 - (3 - 4)) + 1.
0
Calculate -3 + 4 - (7 + -1).
-5
What is the value of (12 - 8 - (-8 - -2)) + -4?
6
0 + 13 - (5 - 1)
9
Evaluate (0 + 1 - (30 + -34)) + 1.
6
Evaluate (-1 - -2) + (-2 - (-3 + 3)).
-1
1 + 0 - (5 - 1)
-3
(9 - 0) + -5 + (-1 - -3)
6
Calculate -1 + -6 + -3 + 7 + -1.
-4
What is -3 - (0 + -2 + -2)?
1
What is -6 + 1 + -1 - (37 + -51)?
8
0 + -5 + 16 + -15
-4
Calculate -3 + -1 + 0 + 9.
5
0 + -3 - -3 - (18 - 16)
-2
What is -13 - (-10 - (12 - 11))?
-2
What is the value of 6 - 5 - (2 + 6)?
-7
What is (-4 - -3) + (-1 - -3) + 1?
2
-2 - -3 - (-2 - -4)
-1
Calculate -2 + 1 + 0 + 6.
5
What is 4 + -1 + (-65 - -58)?
-4
Evaluate 4 + -5 - 0 - (2 - 1).
-2
Calculate 7 + -11 - (-28 + 17).
7
What is 11 - 8 - -4 - 11?
-4
-4 + (-4 + 5 - 1) + 5
1
What is -7 + -5 + 9 + 0 - -8?
5
Evaluate 0 + 0 - (-20 - -15) - 4.
1
What is the value of (-2 - -5) + (-3 - (-2 + -3))?
5
0 + 8 + 66 + -72 - 6
-4
2 + 1 - ((-10 - -1) + 13)
-1
-1 + (-4 - -4) + -4
-5
What is -8 - -1 - (-27 + 21)?
-1
What is the value of 3 + (5 - 8 - -3) - 5?
-2
What is the value of 0 - (11 + -12 + -7)?
8
What is the value of 1 + -12 + (-2 - (3 - 9))?
-7
What is the value of -5 + (-5 - (1 + -10))?
-1
0 - (-3 + (-3 - -3) - -1)
2
Evaluate (-4 - (1 - (-1 - -8))) + 2.
4
What is the value of -4 - (10 + -5) - (-5 + -1)?
-3
What is the value of 3 + -4 + 2 + -7?
-6
Calculate 4 - -3 - (3 + -4 + 0).
8
3 - 3 - 1 - (-2 - -5)
-4
Calculate 13 - 9 - (-2 - 0) - 2.
4
(4 - (6 + -3) - -4) + 6
11
-10 + (12 - 9) + 6
-1
20 + (19 - 41) - (5 + 0)
-7
Calculate (3 - 5) + 8 + 1 + -5.
2
Evaluate -6 + -2 + 0 + 5.
-3
What is the value of (-1 + 1 - 2) + 2?
0
Calculate 1 + (0 + (-1 - -5) - 5).
0
What is the value of 10 - (-3 + 4 - -4)?
5
Calculate -5 - (3 + -4 + -1 + -1).
-2
Evaluate -2 + -5 + -1 + 5.
-3
What is the value of 4 + 1 + 16 + -28 + 3?
-4
What is 0 + 5 + -9 + 6?
2
Calculate 0 - (-2 + -9) - (13 - 7).
5
Evaluate 0 + (-4 - -2) + -2.
-4
Calculate (0 - 2) + -34 + 31.
-5
What is (8 - -5 - 5) + -3?
5
Evaluate 11 - 10 - -4 - 11.
-6
-19 - -19 - (0 - (2 - 3))
-1
What is -19 + 3 - -11 - -4?
-1
Evaluate 6 + (3 - 8) - -6.
7
5 + -1 + -2 + 3
5
What is (6 - 0 - 12) + 2?
-4
What is (0 - (-9 - -3)) + (-10 - -6)?
2
(2 - -3) + (-8 - (0 - 1))
-2
Calculate 1 + -4 - (15 + -11).
-7
What is 3 + 0 + (-7 - -5) + 0?
1
What is 0 - -2 - 3 - (8 + -11)?
2
Calculate (2 - 2) + (28 - 11) + -9.
8
What is the value of 0 + -5 + (112 - 115)?
-8
Calculate -1 + -5 + 6 - -3.
3
Calculate 2 + 0 + (4 - (2 - -3)).
1
Calculate (2 - 2) + 8 - 3.
5
68 + -67 + 0 + 0 + 4
5
Calculate 6 - (-2 + (-6 - -12)).
2
Evaluate 4 - 0 - (3 + (-6 - -2)).
5
What is the value of -9 - (0 + -3 - 0)?
-6
Evaluate -3 + 0 + 1 - (-3 - -5).
-4
Calculate 10 + 2 + -9 + -7.
-4
What is the value of 5 + (-8 - (0 - (4 + -2)))?
-1
Calculate -3 - -2 - (1 - (6 + 1)).
5
Calculate (-1 + 1 - 1) + (17 - 12).
4
What is (5 - 0) + 0 + 0 + -1?
4
What is -2 + 7 - (-7 - -15)?
-3
Calculate 1 + 3 + (-4 + -1 - 4).
-5
Calculate -1 + 8 + -4 - (1 - 5).
7
-2 - (2 + 1 - 2)
-3
Evaluate (-12 - (-10 + 5)) + 5 - 1.
-3
What is -12 - -14 - (-3 + 9)?
-4
Evaluate 3 + (4 - 2) - 0 - 0.
5
Evaluate 3 - 0 - (40 - 37).
0
4 + (-6 - -4 - -3 - -2)
7
Calculate -1 + 4 + -1 + 2.
4
What is (3 - 13) + (1 - -2) - -3?
-4
Evaluate 0 + -2 - (-20 + 16).
2
Evaluate 0 + (7 - (2 + 2 - 2)).
5
Evaluate -9 - (-7 - -9 - 6).
-5
Evaluate 3 - (5 + -2 - 4).
4
3 + -11 - -4 - 1
-5
What is the value of 2 + (4 - (8 - 0))?
-2
What is the value of -2 + 4 + 19 + -13?
8
3 + 3 + -1 - (2 - 1)
4
What is the value of (7 - 6) + -12 + 8?
-3
12 + -35 + 31 - (1 + 11)
-4
What is 7 + 0 + 2 + -5?
4
Calculate (8 - 5) + -1 + 1 - 3.
0
-10 - (-1 - (5 + -2))
-6
What is -7 + -13 + 9 + 8?
-3
3 + -5 + (4 - 3) + 4
3
What is 7 + (-7 + 3 - (-2 + 0))?
5
What is the value of -1 + 2 + (-1 - (1 - 2))?
1
What is (2 + 1 - 0) + -12 + 9?
0
Evaluate 0 + (2 - 4) + 5.
3
What is -3 + (8 + -11 - -2)?
-4
What is -8 - ((3 + -7 - -1) + -1)?
-4
Evaluate -1 + (8 - 16 - -9).
0
What is the value of -1 + (-2 - (2 + 1)) + 3?
-3
What is the value of -7 + 6 - (-2 + 0 + 0)?
1
-69 - -70 - (-5 + (-2 - -1))
7
What is the value of -6 + 0 + -4 + 5?
-5
Calculate (0 + -2 - -3 - 0) + -1.
0
What is 1 - (0 + -2 - 0) - 0?
3
What is the value of (10 - (8 - -5)) + -5?
-8
What is 0 + 10 - (1 + (-1 - 1))?
11
What is the value of 0 - (-4 - (2 + -3 + 1))?
4
Evaluate 0 - 8 - (-2 - 15 - -9).
0
-3 + (2 + -2 - 5 - -15)
7
What is (15 - 14) + (3 - 5) + 2?
1
Evaluate (6 - 0) + -2 + -1.
3
What is (-9 - -6) + 1 + (-2 - 0)?
-4
-3 - (4 + -6 + -1) - 2
-2
-2 - (-3 - (4 - 4))
1
Calculate -11 + (17 - 10) + (3 - 0).
-1
Evaluate 6 + (6 - 8 - 3).
1
-1 - (-6 - 1) - 3
3
What is the value of 1 - (-3 - (-5 - 2))?
-3
Evaluate -8 - (-4 + 1 + -6).
1
What is the value of -10 + 6 + (2 - -1)?
-1
What is (7 - 11) + -1 + (-2 - -2)?
-5
-2 + (3 - -3 - 4)
0
What is the value of -7 + (-6 + 0 - -11)?
-2
Calculate -6 + 8 + -7 + (0 - 1).
-6
What is 3 + 6 + -4 + -4 + -2?
-1
What is -31 - -21 - (1 - 5)?
-6
Evaluate (1 - 8) + 4 + 8.
5
What is the